westclay - carmel IN - NOAA Style Historical Reports

Note: The data in these reports are collected by an automated weather station and are not checked for accuracy.
Select a Year or Month report

Report for 2011 Aug
                   Monthly Climatological Summary for Aug 2011

Name:  Timber Ridge   City:  Prospect   State:  KY
Elevation: 472 ft  Lat: N 38 19' 55"   Lon: W 085 36' 58"

                  Temperature (F), Rain (in), Wind Speed (mph)

                                      Heat  Cool        Avg
    Mean                              Deg   Deg         Wind                 Dom
Day Temp  High   Time   Low    Time   Days  Days  Rain  Speed High   Time    Dir
----------------------------------------------------------------------------------
 1  80.6  93.2   15:09  69.1   07:00   0.0  15.6  0.00   0.3   6.3   14:36    NE
 2  81.7  95.2   15:43  70.2   06:46   0.0  16.7  0.00   0.4   7.6   13:28     W
 3  81.5  93.0   15:22  72.7   06:42   0.0  16.5  0.00   0.3   6.3   13:43    SW
 4  79.7  90.0   16:03  70.2   06:48   0.0  14.7  0.00   0.4   5.8   13:52    NW
 5  80.2  92.8   14:56  71.4   07:05   0.0  15.2  0.00   0.2   6.3   14:45    SW
 6  80.6  87.1   14:48  74.3   07:15   0.0  15.6  0.00   0.6   7.6   13:36    SW
 7  80.7  89.6   16:33  73.0   07:00   0.0  15.7  0.67   0.7   8.3   03:59   WSW
 8  80.2  91.4   13:28  75.6   06:56   0.0  15.2  0.00   0.2   6.3   14:26     W
 9  78.8  87.4   15:35  73.0   07:25   0.0  13.8  0.00   1.0   6.3   06:08     W
10  76.6  84.6   15:39  69.8   07:23   0.0  11.6  0.16   0.6   8.1   14:46     W
11  71.6  81.3   15:18  62.8   06:47   0.0   6.6  0.00   0.7   7.6   17:39    NE
12  71.3  84.7   15:37  59.2   07:07   0.0   6.3  0.00   0.4   6.3   15:14     W
14  71.3  72.5   20:29  67.8   23:55   0.0   6.3  0.00   0.1   4.5   18:55     W
15  70.9  79.2   15:37  64.6   23:51   0.0   5.9  0.00   0.4   5.4   16:39   NNW
16  70.9  83.8   15:52  60.4   07:16   0.0   5.9  0.00   0.1   5.4   15:41   NNE
17  73.6  87.3   15:20  61.5   08:06   0.0   8.6  0.00   0.3   7.2   15:40     W
18  77.1  88.9   15:49  68.0   07:06   0.0  12.1  0.00   0.3   5.8   12:07   WSW
19  74.5  81.0   15:55  67.6   07:10   0.0   9.5  0.00   0.1   4.0   00:11    NE
20  76.5  88.7   16:18  66.0   07:00   0.0  11.5  0.00   0.2   6.3   15:24     W
21  79.7  90.3   15:14  72.1   07:29   0.0  14.7  0.00   0.8   6.3   09:22     W
22  74.1  84.2   15:57  65.1   07:42   0.0   9.1  0.00   0.5   7.2   16:28    NE
23  73.3  87.6   15:29  60.6   06:37   0.0   8.3  0.00   0.3   7.2   13:10   SSW
24  80.9  95.2   15:02  67.1   05:54   0.0  15.9  0.00   0.9  10.1   13:04    SW
25  80.7  88.7   15:21  69.4   23:54   0.0  15.7  0.00   0.7   7.2   01:29    NW
26  74.9  86.9   15:35  64.6   07:31   0.0   9.9  0.00   0.5   6.3   15:03     N
27  74.2  86.5   15:26  63.5   07:21   0.0   9.2  0.00   0.5   5.8   12:24    NE
28  73.5  84.4   15:06  65.5   04:43   0.0   8.5  0.00   0.6   6.3   15:35     N
29  71.7  83.7   16:10  61.3   07:40   0.0   6.7  0.00   0.6   6.3   14:16    NE
30  70.4  85.8   15:24  57.2   07:00   0.0   5.4  0.00   0.3   6.7   12:55    NE
31  77.2  93.2   15:44  64.0   06:15   0.0  12.2  0.00   0.4   8.3   15:34    SW
----------------------------------------------------------------------------------
    76.3  95.2     2    57.2    30     0.0 338.9  0.83   0.5  10.1    24     WNW

Max >=  80.0: 28
Max <=  32.0:  0
Min <=  32.0:  0
Min <=   0.0:  0
Max Rain: 0.67 on day 7
Days of Rain: 2 (>= 0.01 in)  2 (>= 0.10 in)  0 (>= 1.00 in)
Heat Base: 65.0  Cool Base: 65.0  Method: Integration