westclay - carmel IN - NOAA Style Historical Reports

Note: The data in these reports are collected by an automated weather station and are not checked for accuracy.
Select a Year or Month report

Report for 2011 Jul
                   Monthly Climatological Summary for Jul 2011

Name:  Timber Ridge   City:  Prospect   State:  KY
Elevation: 472 ft  Lat: N 38 19' 55"   Lon: W 085 36' 58"

                  Temperature (F), Rain (in), Wind Speed (mph)

                                      Heat  Cool        Avg
    Mean                              Deg   Deg         Wind                 Dom
Day Temp  High   Time   Low    Time   Days  Days  Rain  Speed High   Time    Dir
----------------------------------------------------------------------------------
 1  76.2  85.6   13:57  66.7   03:26   0.0  11.2  0.00   0.2   5.4   10:35   WNW
 2  78.1  89.2   15:04  68.5   06:41   0.0  13.1  0.00   0.1   4.9   12:30     W
 3  79.6  89.6   14:02  72.5   05:52   0.0  14.6  0.00   0.4   7.2   22:02     W
 5  81.1  88.5   16:05  71.2   07:57   0.0  16.1  0.00   0.3   5.4   13:44    NE
 6  79.0  90.1   15:39  69.8   06:17   0.0  14.0  0.00   0.1   4.9   16:44     W
 7  79.1  89.8   14:02  69.3   06:35   0.0  14.1  0.00   0.1   4.9   13:13   WNW
 8  75.8  81.7   16:41  72.5   23:57   0.0  10.8  0.31   0.2   6.3   16:00    NE
 9  77.1  86.5   15:40  68.5   06:21   0.0  12.1  0.00   0.6   6.3   11:14    NE
10  78.7  91.6   16:23  66.9   06:46   0.0  13.7  0.00   0.3   5.8   15:10    NE
11  84.8  96.8   15:45  72.1   03:05   0.0  19.8  0.00   0.6   8.1   13:49   WSW
12  83.5  96.3   14:40  72.7   23:21   0.0  18.5  0.63   0.3  13.6   17:09   WSW
13  78.8  88.3   15:40  71.8   05:57   0.0  13.8  0.00   0.3   5.4   18:19    NE
14  76.2  85.5   15:14  69.3   06:41   0.0  11.2  0.00   0.9   8.1   08:55    NE
15  76.4  88.0   15:37  66.6   06:16   0.0  11.4  0.00   0.6   6.7   13:32    NE
16  78.8  88.2   16:35  71.2   02:20   0.0  13.8  0.00   0.1   5.8   13:11   SSW
17  80.0  89.2   15:51  73.2   06:35   0.0  15.0  0.00   0.2   9.6   18:56   WSW
18  82.0  92.3   15:04  72.7   07:05   0.0  17.0  0.00   0.4   6.3   13:58     W
19  83.5  92.8   14:15  74.3   23:58   0.0  18.5  0.43   0.9   8.1   22:34     W
20  81.0  95.2   15:57  72.3   04:25   0.0  16.0  0.00   0.2   6.3   16:37   WSW
21  85.4  96.8   15:40  76.1   06:35   0.0  20.4  0.00   0.2   5.4   12:49     W
22  84.6  94.8   15:25  75.4   07:14   0.0  19.6  0.00   0.3   5.8   13:37     W
23  84.7  95.4   15:52  77.2   06:10   0.0  19.7  0.00   0.4   6.3   12:17     W
24  83.0  95.0   14:35  75.2   06:33   0.0  18.0  0.00   0.4   6.7   17:50   WSW
25  81.3  89.2   15:39  75.9   23:39   0.0  16.3  0.00   0.5   5.8   15:59   NNW
26  81.0  92.5   15:50  71.2   06:26   0.0  16.0  0.00   0.2   4.0   11:35   NNE
27  83.5  95.9   16:18  73.0   06:56   0.0  18.5  0.00   0.3   7.6   18:21    SW
28  84.3  98.2   15:26  73.2   06:40   0.0  19.3  0.00   0.4   7.6   14:36   WSW
29  83.9  94.1   14:18  74.7   07:25   0.0  18.9  0.00   0.5   6.3   11:01   WSW
30  82.5  91.2   15:31  76.3   23:11   0.0  17.5  0.00   0.3   4.9   15:13   WNW
31  81.8  92.8   15:49  74.3   07:20   0.0  16.8  0.04   0.6   6.3   12:19    NE
----------------------------------------------------------------------------------
    80.9  98.2    28    66.6    15     0.0 475.7  1.41   0.4  13.6    12     WNW

Max >=  80.0: 30
Max <=  32.0:  0
Min <=  32.0:  0
Min <=   0.0:  0
Max Rain: 0.63 on day 12
Days of Rain: 4 (>= 0.01 in)  3 (>= 0.10 in)  0 (>= 1.00 in)
Heat Base: 65.0  Cool Base: 65.0  Method: Integration