westclay - carmel IN - NOAA Style Historical Reports

Note: The data in these reports are collected by an automated weather station and are not checked for accuracy.
Select a Year or Month report
V/Λ2017 > Jan Feb Mar Apr May Jun Jul Aug Sep Oct Nov Dec V/Λ2016 > Jan Feb Mar Apr May Jun Jul Aug Sep Oct Nov Dec V/Λ2015 > Jan Feb Mar Apr May Jun Jul Aug Sep Oct Nov Dec V/Λ2014 > Jan Feb Mar Apr May Jun Jul Aug Sep Oct Nov Dec V/Λ2013 > Jan Feb Mar Apr May Jun Jul Aug Sep Oct Nov Dec V/Λ2012 > Jan Feb Mar Apr May Jun Jul Aug Sep Oct Nov Dec V/Λ2011 > Jan Feb Mar Apr May Jun Jul Aug Sep Oct Nov Dec

Report for 2011 Jun
                   Monthly Climatological Summary for Jun 2011

Name:  Timber Ridge   City:  Prospect   State:  KY
Elevation: 472 ft  Lat: N 38 19' 55"   Lon: W 085 36' 58"

                  Temperature (F), Rain (in), Wind Speed (mph)

                                      Heat  Cool        Avg
    Mean                              Deg   Deg         Wind                 Dom
Day Temp  High   Time   Low    Time   Days  Days  Rain  Speed High   Time    Dir
----------------------------------------------------------------------------------
10  84.5  93.4   14:46  71.8   23:52   0.0  19.5  0.12   0.4   4.9   14:02     W
11  75.8  84.6   18:14  68.4   07:10   0.0  10.8  0.08   0.0   0.0   00:00   ---
12  73.1  79.2   15:22  65.3   23:45   0.0   8.1  0.00   0.8   3.6   11:03   NNW
13  69.3  78.1   15:57  61.9   06:55   0.0   4.3  0.00   1.5   2.2   10:36   NNE
14  68.2  77.0   15:52  60.1   06:50   0.0   3.2  0.00   2.5   2.2   00:00   NNE
15  66.0  75.9   19:10  59.5   04:16   0.0   1.0  0.59   0.0   7.2   13:17     W
16  74.4  85.6   15:00  63.9   06:45   0.0   9.4  0.00   0.2   6.3   17:15     W
17  75.6  88.9   15:21  66.9   02:35   0.0  10.6  0.08   0.7   8.1   14:15   WSW
18  72.2  79.5   16:40  67.5   08:00   0.0   7.2  0.43   0.3   8.3   15:33   WSW
19  70.6  78.6   18:43  65.3   08:45   0.0   5.6  0.79   0.5  11.0   12:37     W
20  75.8  84.6   14:13  68.2   06:05   0.0  10.8  0.04   0.6  10.5   14:59    NE
21  75.7  89.6   12:50  69.4   23:56   0.0  10.7  0.71   0.6   9.6   12:18   SSW
22  73.0  82.8   16:16  67.8   23:50   0.0   8.0  1.14   0.8  11.0   16:17   SSW
23  73.9  83.3   15:17  66.9   05:15   0.0   8.9  0.47   1.5  11.9   16:20   WSW
24  70.3  75.0   16:52  66.4   23:54   0.0   5.3  0.00   1.1   9.6   09:27     W
25  71.3  81.1   15:45  61.9   07:24   0.0   6.3  0.00   0.3   5.4   12:35    NW
26  70.3  73.9   17:21  65.8   07:31   0.0   5.3  0.28   0.4   5.4   04:45    NE
27  73.7  84.6   16:39  67.1   01:53   0.0   8.7  0.12   0.4   8.1   16:18    SW
28  75.3  83.7   14:00  67.3   23:42   0.0  10.3  0.00   0.5   4.9   15:31     W
29  72.0  83.1   15:45  61.2   06:51   0.0   7.0  0.00   0.4   6.3   11:51    NE
30  74.0  86.2   16:24  62.2   06:51   0.0   9.0  0.00   0.3   7.6   14:09   NNE
----------------------------------------------------------------------------------
    73.1  93.4    10    59.5    15     0.0 170.0  4.85   0.7  11.9    23      NW

Max >=  80.0: 13
Max <=  32.0:  0
Min <=  32.0:  0
Min <=   0.0:  0
Max Rain: 1.14 on day 22
Days of Rain: 12 (>= 0.01 in)  9 (>= 0.10 in)  1 (>= 1.00 in)
Heat Base: 65.0  Cool Base: 65.0  Method: Integration