westclay - carmel IN - NOAA Style Historical Reports

Note: The data in these reports are collected by an automated weather station and are not checked for accuracy.
Select a Year or Month report
V/Λ2017 > Jan Feb Mar Apr May Jun Jul Aug Sep Oct Nov Dec V/Λ2016 > Jan Feb Mar Apr May Jun Jul Aug Sep Oct Nov Dec V/Λ2015 > Jan Feb Mar Apr May Jun Jul Aug Sep Oct Nov Dec V/Λ2014 > Jan Feb Mar Apr May Jun Jul Aug Sep Oct Nov Dec V/Λ2013 > Jan Feb Mar Apr May Jun Jul Aug Sep Oct Nov Dec V/Λ2012 > Jan Feb Mar Apr May Jun Jul Aug Sep Oct Nov Dec V/Λ2011 > Jan Feb Mar Apr May Jun Jul Aug Sep Oct Nov Dec

Report for 2011
                   Annual Climatological Summary for 2011

Name:  Timber Ridge   City:  Prospect   State:  KY
Elevation: 472 ft  Lat: N 38 19' 55"   Lon: W 085 36' 58"

                  Temperature (F), Heat Base: 65.0  Cool Base: 65.0
                          Dep.  Heat  Cool                       Max  Max  Min  Min
        Mean  Mean        From  Deg   Deg                        >=   <=   <=   <=
 YR MO  Max   Min   Mean  Norm  Days  Days  Hi  Date  Low  Date 80.0 32.0 32.0   0.0
------------------------------------------------------------------------------------
 11  1
 11  2
 11  3
 11  4
 11  5
 11  6  82.3  65.5  73.1  -1.1     0   170  93.4  10  59.5   15   13    0    0    0
 11  7  91.4  72.2  80.9   2.5     0   475  98.2  28  66.6   15   30    0    0    0
 11  8  87.3  66.9  76.3  -0.7     0   338  95.2   2  57.2   30   28    0    0    0
 11  9  74.4  58.4  65.7  -4.4    73    92  99.0   3  47.8   16    7    0    0    0
 11 10  66.6  45.5  55.2  -3.3   305     0  81.3  16  31.6   30    3    0    1    0
 11 11  59.4  40.6  49.9   2.3   455     3  75.2  14  25.3   18    0    0    4    0
 11 12  49.1  33.6  41.0   3.4   742     0  64.2  14  19.6   11    0    0   14    0
------------------------------------------------------------------------------------
        72.9  54.7  63.1  -0.2  1577  1081  99.0 Sep  19.6  Dec   81    0   19    0

                                Precipitation (in)

              Dep.   Max        Days of Rain
              From   Obs.           >=
 YR MO Total  Norm   Day Date 0.01 0.10 1.00
---------------------------------------------
 11  1
 11  2
 11  3
 11  4
 11  5
 11  6  4.85  1.09  1.14  22    12    9    1
 11  7  1.41 -2.89  0.63  12     4    3    0
 11  8  0.83 -2.58  0.67   7     2    2    0
 11  9  7.30  4.25  3.78  26    15    7    1
 11 10  2.05 -0.74  0.79  27     6    6    0
 11 11  7.04  3.23  1.73  28    11   10    2
 11 12  5.79  2.10  2.44   5     8    7    1
---------------------------------------------
       29.27  4.46  3.78  Sep   58   44    5

                                Wind Speed (mph)
                          Dom
 YR MO   Avg.  Hi   Date  Dir
------------------------------
 11  1
 11  2
 11  3
 11  4
 11  5
 11  6   0.7  11.9   23    NW
 11  7   0.4  13.6   12   WNW
 11  8   0.5  10.1   24     W
 11  9   0.5  13.2   15   WNW
 11 10   0.8  15.4   14   WSW
 11 11   1.6  26.2   14    SW
 11 12   1.5  19.7   27   WSW
------------------------------
         0.8  26.2  Nov     W