Timber Ridge - NOAA Style Historical Reports

Note: The data in these reports are collected by an automated weather station and are not checked for accuracy.
Select a Year or Month report
V/Λ2014 > Jan Feb Mar Apr May Jun Jul Aug Sep Oct Nov Dec
V/Λ2013 > Jan Feb Mar Apr May Jun Jul Aug Sep Oct Nov Dec
V/Λ2012 > Jan Feb Mar Apr May Jun Jul Aug Sep Oct Nov Dec
V/Λ2011 > Jan Feb Mar Apr May Jun Jul Aug Sep Oct Nov Dec

Report for 2013 Dec
                   Monthly Climatological Summary for Dec 2013

Name: Timber Ridge   City: Prospect   State: KY
Elevation: 472 ft  Lat: N 38 19' 55"   Lon: W 085 36' 58"

                  Temperature (F), Rain (in), Wind Speed (mph)

                                      Heat  Cool        Avg
    Mean                              Deg   Deg         Wind                 Dom
Day Temp  High   Time   Low    Time   Days  Days  Rain  Speed High   Time    Dir
----------------------------------------------------------------------------------
 1  45.0  56.4   15:32  31.5   00:00  20.0   0.0  0.00   0.7  10.0   13:29   WNW
 2  44.6  56.9   14:33  34.2   08:24  20.4   0.0  0.00   0.2   8.0   13:27     W
 3  48.1  58.3   14:30  37.1   04:18  16.8   0.0  0.00   0.2   7.0   12:49    SE
 4  58.8  69.1   23:33  45.1   03:25   7.2   1.0  0.00   0.9  15.0   22:04    SW
 5  49.8  69.0   00:00  34.0   23:36  15.9   0.6  0.71   2.2  16.0   04:11    NW
 6  30.1  34.1   00:07  27.8   23:19  34.9   0.0  0.19   0.6   9.0   01:13    NE
 7  24.3  27.9   00:00  19.0   09:04  40.7   0.0  0.00   0.0   0.0   00:00     E
 8  27.9  33.2   23:40  23.5   00:00  37.1   0.0  0.00   0.2   9.0   11:33   ESE
 9  30.7  33.9   03:49  26.1   23:56  34.3   0.0  0.00   1.6  10.0   09:21    NW
10  25.8  32.2   15:44  19.9   23:58  39.2   0.0  0.01   1.9  15.0   12:49   WNW
11  25.7  38.4   15:38  15.3   07:18  39.1   0.0  0.00   1.8  16.0   17:59    NW
12  21.9  29.4   16:23  12.0   08:17  43.1   0.0  0.00   1.1  10.0   13:20   WNW
13  30.1  42.8   14:55  18.2   05:19  34.9   0.0  0.05   0.5  15.0   19:27   WSW
14  36.9  40.1   13:54  33.5   00:36  28.1   0.0  1.09   1.3  14.0   20:07   WNW
15  30.9  35.1   00:00  28.2   08:31  34.1   0.0  0.01   3.4  13.0   07:21   WNW
16  35.7  44.9   16:33  31.3   00:00  29.3   0.0  0.08   0.8  11.0   00:35     W
17  34.0  39.5   04:20  31.7   19:18  31.0   0.0  0.02   1.7  12.0   14:49    NW
18  34.1  43.7   15:55  25.5   08:06  30.9   0.0  0.01   0.9  11.0   12:03   WNW
19  49.9  61.1   16:24  34.1   01:57  15.1   0.0  0.00   1.8  19.0   12:25     W
20  53.2  55.6   00:00  49.6   07:36  11.8   0.0  0.10   0.5  12.0   01:08   WSW
21  52.8  52.8   00:00  52.8   00:00  12.2   0.0  0.00   0.0   0.0   00:00     E
----------------------------------------------------------------------------------
    37.6  69.1     4    12.0    12   576.1   1.6  2.27   1.1  19.0    19     WNW

Max >=  80.0:  0
Max <=  32.0:  2
Min <=  32.0: 13
Min <=   0.0:  0
Max Rain: 1.09 on day 14
Days of Rain: 10 (>= 0.01 in)  4 (>= 0.10 in)  1 (>= 1.00 in)
Heat Base: 65.0  Cool Base: 65.0  Method: Integration