westclay - carmel IN - NOAA Style Historical Reports

Note: The data in these reports are collected by an automated weather station and are not checked for accuracy.
Select a Year or Month report
V/Λ2014 > Jan Feb Mar Apr May Jun Jul Aug Sep Oct Nov Dec
V/Λ2013 > Jan Feb Mar Apr May Jun Jul Aug Sep Oct Nov Dec
V/Λ2012 > Jan Feb Mar Apr May Jun Jul Aug Sep Oct Nov Dec
V/Λ2011 > Jan Feb Mar Apr May Jun Jul Aug Sep Oct Nov Dec

Report for 2014 Aug
                   Monthly Climatological Summary for Aug 2014

Name: WestClay   City: Carmel   State: IN
Elevation: 915 ft  Lat: N 39 58' 30"   Lon: W 086 11' 57"

                  Temperature (F), Rain (in), Wind Speed (mph)

                                      Heat  Cool        Avg
    Mean                              Deg   Deg         Wind                 Dom
Day Temp  High   Time   Low    Time   Days  Days  Rain  Speed High   Time    Dir
----------------------------------------------------------------------------------
 1  71.2  87.8   15:06  61.3   06:51   0.6   6.8  0.00   0.9  13.0   15:11   SSW
 2  73.1  85.7   16:56  63.2   06:35   0.2   8.3  0.00   1.5  13.0   13:31   NNE
 3  74.7  88.8   17:33  61.6   07:14   0.4  10.1  0.00   1.2  12.0   14:09   NNE
 4  74.9  87.4   16:30  64.0   06:59   0.1   9.9  0.00   0.8  11.0   18:22   WSW
 5  74.3  85.9   17:10  67.5   04:33   0.0   9.3  0.00   0.6   7.0   09:34    NE
 6  72.0  82.8   17:40  64.4   07:00   0.0   7.0  0.00   1.3   9.0   14:57   NNE
 7  72.5  84.1   15:42  62.8   07:07   0.2   7.7  0.00   1.2  10.0   16:00   ENE
 8  74.0  85.3   16:43  67.3   07:27   0.0   9.0  0.00   1.5  13.0   15:50   ENE
 9  75.1  88.5   18:25  66.2   06:15   0.0  10.1  0.00   2.6  13.0   22:59   ENE
10  75.2  88.5   14:21  67.1   05:47   0.0  10.2  0.33   1.7  11.0   00:18    NE
11  74.2  79.9   14:21  69.9   23:57   0.0   9.2  0.10   1.5  12.0   15:17     W
12  65.1  69.9   00:00  60.4   23:57   0.9   1.0  0.01   3.0  15.0   14:20     W
13  68.8  81.3   17:32  56.9   04:25   2.4   6.2  0.00   1.8  12.0   14:18     W
14  70.9  81.8   16:31  59.1   23:58   0.3   6.2  0.01   2.2  15.0   17:12   NNE
15  63.5  81.0   16:42  47.8   06:45   5.6   4.1  0.00   0.9   8.0   00:01   NNW
16  66.8  75.7   18:00  58.5   06:03   2.2   4.0  0.20   1.2  13.0   13:24   SSW
17  72.9  81.6   18:34  67.0   03:25   0.0   7.8  0.05   0.8  10.0   15:16   ENE
18  75.0  88.4   16:49  64.3   07:10   0.0  10.0  0.00   1.2  10.0   17:39    NE
19  75.5  89.2   16:06  67.3   06:39   0.0  10.5  0.89   1.7  16.0   14:28    SW
20  74.3  85.4   18:41  65.4   04:01   0.0   9.3  0.00   1.8  18.0   14:52   WSW
21  77.3  89.6   16:26  70.5   08:15   0.0  12.3  0.35   1.5  18.0   21:53   SSW
----------------------------------------------------------------------------------
    72.4  89.6    21    47.8    15    12.9 169.0  1.94   1.5  18.0    20       N

Max >=  80.0: 18
Max <=  32.0:  0
Min <=  32.0:  0
Min <=   0.0:  0
Max Rain: 0.89 on day 19
Days of Rain: 8 (>= 0.01 in)  5 (>= 0.10 in)  0 (>= 1.00 in)
Heat Base: 65.0  Cool Base: 65.0  Method: Integration