westclay - carmel IN - NOAA Style Historical Reports

Note: The data in these reports are collected by an automated weather station and are not checked for accuracy.
Select a Year or Month report
V/Λ2015 > Jan Feb Mar Apr May Jun Jul Aug Sep Oct Nov Dec
V/Λ2014 > Jan Feb Mar Apr May Jun Jul Aug Sep Oct Nov Dec
V/Λ2013 > Jan Feb Mar Apr May Jun Jul Aug Sep Oct Nov Dec
V/Λ2012 > Jan Feb Mar Apr May Jun Jul Aug Sep Oct Nov Dec
V/Λ2011 > Jan Feb Mar Apr May Jun Jul Aug Sep Oct Nov Dec

Report for 2015 May
                   Monthly Climatological Summary for May 2015

Name: WestClay   City: Carmel   State: IN
Elevation: 915 ft  Lat: N 39 58' 30"   Lon: W 086 11' 57"

                  Temperature (F), Rain (in), Wind Speed (mph)

                                      Heat  Cool        Avg
    Mean                              Deg   Deg         Wind                 Dom
Day Temp  High   Time   Low    Time   Days  Days  Rain  Speed High   Time    Dir
----------------------------------------------------------------------------------
 1  56.4  75.0   17:50  39.8   07:01  10.5   1.9  0.00   2.2  12.0   12:07   NNE
 2  63.6  78.5   18:01  48.5   07:12   5.2   3.8  0.00   1.1  14.0   16:06    SW
 3  67.7  82.9   17:00  53.5   07:08   3.4   6.2  0.00   2.0  18.0   12:06   SSW
 4  65.4  75.9   17:08  60.4   06:46   1.4   1.8  0.43   2.4  15.0   18:52   SSW
 5  72.8  87.1   17:29  61.7   04:22   0.9   8.7  0.00   1.8  17.0   17:13    SW
 6  74.5  90.6   18:11  58.6   06:51   0.9  10.4  0.00   0.7   8.0   12:30    SW
 7  76.0  89.7   17:16  60.2   06:37   0.6  11.6  0.00   1.6  14.0   17:38   SSW
 8  76.5  88.7   18:05  65.6   06:39   0.0  11.5  0.00   2.3  17.0   15:32   SSW
 9  71.1  82.7   15:10  67.2   23:58   0.0   6.1  0.36   1.8  14.0   16:42   SSW
10  72.7  86.2   17:10  64.7   04:28   0.0   7.7  0.06   1.9  20.0   15:39   SSW
11  69.0  77.2   13:19  63.1   06:14   0.3   4.2  0.06   3.1  20.0   15:08    SW
12  56.5  63.6   00:00  50.2   23:59   8.5   0.0  0.00   4.0  18.0   11:35   WSW
13  56.0  70.8   18:46  43.0   06:47   9.6   0.7  0.00   2.2  15.0   12:52    NE
14  60.3  73.2   15:50  48.8   06:34   6.3   1.7  0.00   1.6  10.0   07:20     E
15  71.4  86.4   16:09  59.7   06:59   1.1   7.5  0.03   2.5  16.0   17:58   SSW
16  68.7  71.5   12:17  65.7   06:48   0.0   3.7  0.12   1.9  12.0   11:01   SSW
17  72.4  81.4   17:04  66.7   05:53   0.0   7.4  0.08   2.9  19.0   16:07   SSW
18  74.1  84.1   17:54  66.4   23:59   0.0   9.1  0.00   3.0  13.0   00:04    SW
19  56.3  66.4   00:00  47.4   07:03   8.8   0.0  0.00   3.2  16.0   13:30     N
20  48.0  53.3   15:31  41.7   05:26  17.0   0.0  0.04   3.1  15.0   15:48    NE
21  53.4  66.5   18:13  46.6   04:35  11.7   0.0  0.00   2.7  14.0   16:10     N
22  62.5  78.3   17:16  47.4   06:36   6.2   3.7  0.00   2.0  11.0   15:39     W
23  69.4  84.7   16:18  55.9   07:05   2.8   7.2  0.00   1.4  13.0   12:53     S
24  73.3  87.5   16:37  59.5   04:02   1.0   9.3  0.00   2.2  22.0   20:15   SSW
25  74.0  80.9   16:14  69.2   23:55   0.0   9.0  0.01   4.9  23.0   10:30   SSW
26  73.1  81.4   12:32  65.2   03:59   0.0   8.1  0.02   3.5  20.0   14:14   SSW
27  72.2  84.2   17:03  64.6   06:40   0.0   7.2  0.37   3.5  19.0   14:05    SW
----------------------------------------------------------------------------------
    66.9  90.6     6    39.8     1    96.2 148.5  1.58   2.4  23.0    25      SW

Max >=  80.0: 15
Max <=  32.0:  0
Min <=  32.0:  0
Min <=   0.0:  0
Max Rain: 0.43 on day 4
Days of Rain: 11 (>= 0.01 in)  4 (>= 0.10 in)  0 (>= 1.00 in)
Heat Base: 65.0  Cool Base: 65.0  Method: Integration