westclay - carmel IN - NOAA Style Historical Reports

Note: The data in these reports are collected by an automated weather station and are not checked for accuracy.
Select a Year or Month report
V/Λ2017 > Jan Feb Mar Apr May Jun Jul Aug Sep Oct Nov Dec
V/Λ2016 > Jan Feb Mar Apr May Jun Jul Aug Sep Oct Nov Dec
V/Λ2015 > Jan Feb Mar Apr May Jun Jul Aug Sep Oct Nov Dec
V/Λ2014 > Jan Feb Mar Apr May Jun Jul Aug Sep Oct Nov Dec
V/Λ2013 > Jan Feb Mar Apr May Jun Jul Aug Sep Oct Nov Dec
V/Λ2012 > Jan Feb Mar Apr May Jun Jul Aug Sep Oct Nov Dec
V/Λ2011 > Jan Feb Mar Apr May Jun Jul Aug Sep Oct Nov Dec

Report for 2017 Mar
                   Monthly Climatological Summary for Mar 2017

Name: WestClay   City: Carmel   State: IN
Elevation: 915 ft  Lat: N 39 58' 30"   Lon: W 086 11' 57"

                  Temperature (F), Rain (in), Wind Speed (mph)

                                      Heat  Cool        Avg
    Mean                              Deg   Deg         Wind                 Dom
Day Temp  High   Time   Low    Time   Days  Days  Rain  Speed High   Time    Dir
----------------------------------------------------------------------------------
 1  48.5  62.8   02:43  36.2   23:59  16.5   0.0  0.40   6.7  28.0   11:13   WSW
 2  34.2  39.6   15:40  28.9   23:53  30.8   0.0  0.00   4.3  19.0   14:48     W
 3  29.9  37.1   16:33  24.0   07:39  35.1   0.0  0.00   2.2  18.0   09:39   WNW
 4  35.4  46.1   15:07  28.6   06:41  29.6   0.0  0.01   2.0  15.0   17:13     E
 5  47.8  67.6   15:26  31.8   07:00  17.3   0.1  0.00   3.5  23.0   23:02   SSW
 6  53.7  60.1   23:57  50.8   10:04  11.3   0.0  0.39   4.8  20.0   18:34   SSW
 7  53.2  62.8   03:26  42.3   23:40  11.8   0.0  0.63   5.1  23.0   02:02    SW
 8  48.9  58.3   15:52  39.7   07:24  16.1   0.0  0.00   5.1  27.0   13:35   WSW
 9  46.3  60.3   14:49  33.3   06:53  18.7   0.0  0.05   2.2  20.0   20:57    NE
10  33.6  39.9   00:00  23.9   23:56  31.4   0.0  0.01   4.4  19.0   14:03   NNE
11  27.2  34.8   17:04  21.9   07:29  37.8   0.0  0.00   2.0  13.0   15:46   NNE
12  29.1  40.2   17:55  19.6   08:28  34.4   0.0  0.00   1.9  14.0   13:10    NE
13  29.8  31.4   10:39  25.7   23:47  35.2   0.0  0.01   2.6  15.0   23:11   ENE
14  23.8  29.9   15:44  17.4   08:08  41.2   0.0  0.02   4.6  19.0   17:53    NE
15  24.6  33.8   17:36  17.9   08:00  40.4   0.0  0.00   2.9  16.0   13:44    NW
16  30.7  45.5   18:21  18.6   07:26  34.3   0.0  0.00   1.5  10.0   11:10   WSW
17  39.3  45.6   21:41  30.7   00:00  25.7   0.0  0.17   1.9  13.0   13:38   SSW
18  39.8  45.2   00:00  36.1   09:25  25.2   0.0  0.00   2.9  18.0   13:04     W
19  43.1  55.9   18:03  32.9   08:24  21.9   0.0  0.00   1.1  12.0   09:47     E
20  44.7  50.7   13:32  39.5   09:39  20.3   0.0  0.94   2.4  22.0   09:57     S
21  47.8  58.3   15:16  36.8   23:59  17.1   0.0  0.01   3.3  16.0   17:31    NE
22  34.5  45.6   17:12  26.0   08:26  30.5   0.0  0.00   3.7  17.0   04:39    NE
23  42.0  57.8   16:24  27.9   07:30  23.0   0.0  0.00   1.8  12.0   13:33    SE
24  63.0  75.1   17:44  51.7   01:22   5.2   3.1  0.00   4.8  23.0   15:52   SSW
25  65.2  74.9   14:58  58.9   23:44   2.2   2.4  0.71   2.5  17.0   12:09   SSW
26  58.1  64.5   14:22  53.8   23:56   6.9   0.0  1.04   2.3  15.0   11:49   SSW
27  56.5  65.7   13:31  51.5   08:51   8.5   0.0  0.06   1.1  11.0   12:30   SSE
28  52.3  55.8   14:42  47.8   09:17  12.8   0.0  0.07   3.3  14.0   06:32    NE
29  52.5  63.4   16:35  44.4   08:00  12.5   0.0  0.00   3.0  16.0   12:49   ENE
----------------------------------------------------------------------------------
    42.6  75.1    24    17.4    14   653.7   5.6  4.52   3.1  28.0     1     WSW

Max >=  80.0:  0
Max <=  32.0:  2
Min <=  32.0: 14
Min <=   0.0:  0
Max Rain: 1.04 on day 26
Days of Rain: 15 (>= 0.01 in)  7 (>= 0.10 in)  1 (>= 1.00 in)
Heat Base: 65.0  Cool Base: 65.0  Method: Integration