westclay - carmel IN - NOAA Style Historical Reports

Note: The data in these reports are collected by an automated weather station and are not checked for accuracy.
Select a Year or Month report
V/Λ2014 > Jan Feb Mar Apr May Jun Jul Aug Sep Oct Nov Dec
V/Λ2013 > Jan Feb Mar Apr May Jun Jul Aug Sep Oct Nov Dec
V/Λ2012 > Jan Feb Mar Apr May Jun Jul Aug Sep Oct Nov Dec
V/Λ2011 > Jan Feb Mar Apr May Jun Jul Aug Sep Oct Nov Dec

Report for 2014 Oct
                   Monthly Climatological Summary for Oct 2014

Name: WestClay   City: Carmel   State: IN
Elevation: 915 ft  Lat: N 39 58' 30"   Lon: W 086 11' 57"

                  Temperature (F), Rain (in), Wind Speed (mph)

                                      Heat  Cool        Avg
    Mean                              Deg   Deg         Wind                 Dom
Day Temp  High   Time   Low    Time   Days  Days  Rain  Speed High   Time    Dir
----------------------------------------------------------------------------------
 1  61.4  82.6   17:30  45.9   07:17   7.5   3.9  0.00   0.6   7.0   11:31     E
 2  69.8  82.6   16:54  60.3   04:37   1.5   6.3  0.15   1.8  17.0   11:42   SSW
 3  61.5  76.3   00:00  43.6   23:56   5.1   1.6  0.71   4.9  22.0   01:27   WSW
 4  44.5  47.1   17:17  40.8   08:04  20.5   0.0  0.07   4.6  23.0   12:21   WSW
 5  50.1  59.0   14:31  41.2   08:01  14.9   0.0  0.00   2.8  17.0   15:11    SW
 6  54.4  69.3   16:14  43.3   03:55  10.9   0.3  0.04   2.6  21.0   16:19    SW
 7  54.5  63.4   18:04  48.2   03:10  10.5   0.0  0.20   1.8  15.0   12:47   SSW
 8  56.5  69.4   17:17  46.4   08:10   9.0   0.5  0.00   2.0  17.0   13:24   WSW
 9  52.7  56.8   15:50  47.2   01:43  12.3   0.0  0.15   0.2   5.0   05:42    SW
10  51.1  54.3   00:00  47.1   08:08  13.9   0.0  0.00   2.7  12.0   15:44    NE
11  50.5  59.7   15:25  41.6   07:32  14.5   0.0  0.00   2.2  13.0   15:33    NE
12  53.2  65.0   15:46  39.6   07:35  11.7   0.0  0.09   1.2  15.0   12:52     E
13  67.6  76.6   15:29  58.7   00:00   1.2   3.8  0.62   3.0  20.0   22:28     S
14  62.6  68.1   16:10  55.9   23:43   2.6   0.2  0.55   3.6  20.0   10:46   SSW
15  55.1  56.8   16:22  53.8   10:05   9.9   0.0  0.27   0.7   8.0   00:05     S
16  56.4  60.9   15:44  53.0   02:29   8.5   0.0  0.00   1.7  14.0   22:06   WSW
17  57.0  67.7   12:56  50.5   06:57   8.2   0.2  0.00   4.4  18.0   15:33   WSW
18  49.4  55.0   00:00  46.1   23:26  15.6   0.0  0.08   3.0  17.0   04:23   NNW
19  49.1  59.6   15:54  39.4   08:44  15.9   0.0  0.00   1.6  12.0   01:51   SSW
20  55.8  69.3   16:24  47.7   00:00   9.4   0.3  0.10   3.1  16.0   14:39    SW
21  51.4  57.8   15:54  47.6   04:02  13.6   0.0  0.00   2.6  16.0   12:56   NNE
22  48.0  63.2   17:05  37.6   08:23  17.0   0.0  0.00   1.4  12.0   00:22    NE
23  47.3  61.1   16:03  35.3   07:28  17.7   0.0  0.00   0.4   8.0   13:28    SW
24  53.1  67.6   16:28  42.4   06:02  12.1   0.2  0.00   0.6   7.0   12:23   SSW
----------------------------------------------------------------------------------
    54.7  82.6     1    35.3    23   264.0  17.3  3.03   2.2  23.0     4      SW

Max >=  80.0:  2
Max <=  32.0:  0
Min <=  32.0:  0
Min <=   0.0:  0
Max Rain: 0.71 on day 3
Days of Rain: 12 (>= 0.01 in)  8 (>= 0.10 in)  0 (>= 1.00 in)
Heat Base: 65.0  Cool Base: 65.0  Method: Integration