westclay - carmel IN - NOAA Style Historical Reports

Note: The data in these reports are collected by an automated weather station and are not checked for accuracy.
Select a Year or Month report
V/Λ2015 > Jan Feb Mar Apr May Jun Jul Aug Sep Oct Nov Dec
V/Λ2014 > Jan Feb Mar Apr May Jun Jul Aug Sep Oct Nov Dec
V/Λ2013 > Jan Feb Mar Apr May Jun Jul Aug Sep Oct Nov Dec
V/Λ2012 > Jan Feb Mar Apr May Jun Jul Aug Sep Oct Nov Dec
V/Λ2011 > Jan Feb Mar Apr May Jun Jul Aug Sep Oct Nov Dec

Report for 2015 Mar
                   Monthly Climatological Summary for Mar 2015

Name: WestClay   City: Carmel   State: IN
Elevation: 915 ft  Lat: N 39 58' 30"   Lon: W 086 11' 57"

                  Temperature (F), Rain (in), Wind Speed (mph)

                                      Heat  Cool        Avg
    Mean                              Deg   Deg         Wind                 Dom
Day Temp  High   Time   Low    Time   Days  Days  Rain  Speed High   Time    Dir
----------------------------------------------------------------------------------
 1  26.2  30.9   11:43  21.5   00:00  38.8   0.0  0.12   0.9  12.0   23:30   WNW
 2  24.7  34.4   16:46  15.8   07:32  40.3   0.0  0.28   1.2  13.0   03:18    NW
 3  32.6  41.2   16:25  24.9   00:00  32.4   0.0  0.38   2.6  15.0   15:56    SW
 4  27.6  35.6   00:00  19.0   23:58  37.4   0.0  0.00   2.2  13.0   13:06    NW
 5  17.5  24.9   13:59   8.6   23:59  47.5   0.0  0.01   2.3  12.0   14:09   NNE
 6  18.7  34.4   16:47   2.9   07:08  46.3   0.0  0.00   2.7  17.0   17:33   SSW
 7  35.2  48.0   15:10  24.1   03:19  29.8   0.0  0.00   3.9  19.0   05:35    SW
 8  40.0  53.7   17:12  28.6   07:58  24.0   0.0  0.00   0.6   7.0   11:36    SW
 9  40.6  52.8   15:53  29.4   07:43  24.4   0.0  0.00   0.8  10.0   16:57   SSW
10  44.4  48.8   15:39  41.7   07:32  20.6   0.0  0.32   0.3   7.0   18:45    NE
11  46.1  67.0   16:25  34.8   08:46  18.9   0.1  0.00   1.3  18.0   17:31     N
12  43.8  60.9   17:19  29.3   07:46  21.2   0.0  0.01   1.7  12.0   12:23   ENE
13  46.1  51.9   18:56  41.1   09:09  18.9   0.0  0.52   0.3   6.0   00:36     E
14  51.6  58.5   15:22  46.7   10:38  13.4   0.0  0.34   1.9  14.0   16:17    NW
15  50.2  67.7   17:49  32.9   08:29  14.9   0.1  0.00   1.5  11.0   22:10   WSW
16  62.1  74.8   15:49  52.3   07:20   5.1   2.2  0.00   4.2  18.0   16:51    SW
17  46.1  61.8   00:00  31.1   23:55  18.9   0.0  0.00   5.8  24.0   16:52   NNE
18  38.6  49.7   15:58  26.8   08:18  26.4   0.0  0.00   1.0  13.0   14:27   ENE
19  44.4  52.1   14:35  38.3   08:13  20.6   0.0  0.02   2.1  14.0   12:51   ENE
20  42.6  46.9   15:57  37.7   08:17  22.4   0.0  0.07   1.2   9.0   13:58     W
21  48.3  61.7   15:27  38.4   07:46  16.7   0.0  0.00   3.4  15.0   17:26   WNW
22  42.1  53.9   16:36  32.9   08:14  22.9   0.0  0.00   3.4  16.0   16:05   ENE
23  33.6  39.8   12:10  29.7   22:13  31.4   0.0  0.00   3.3  17.0   14:06   ENE
24  35.1  46.4   15:18  24.7   06:10  29.9   0.0  0.06   3.0  14.0   00:15   ENE
25  46.8  50.7   15:51  42.3   00:00  18.2   0.0  0.77   2.5  17.0   06:58   WSW
26  40.4  45.4   18:47  35.0   23:57  24.6   0.0  0.53   2.9  15.0   03:32     N
27  30.2  35.0   00:00  22.0   23:57  34.8   0.0  0.00   3.8  18.0   19:53   NNE
----------------------------------------------------------------------------------
    39.1  74.8    16     2.9     6   700.7   2.4  3.43   2.3  24.0    17     NNW

Max >=  80.0:  0
Max <=  32.0:  2
Min <=  32.0: 15
Min <=   0.0:  0
Max Rain: 0.77 on day 25
Days of Rain: 13 (>= 0.01 in)  8 (>= 0.10 in)  0 (>= 1.00 in)
Heat Base: 65.0  Cool Base: 65.0  Method: Integration