westclay - carmel IN - NOAA Style Historical Reports

Note: The data in these reports are collected by an automated weather station and are not checked for accuracy.
Select a Year or Month report
V/Λ2015 > Jan Feb Mar Apr May Jun Jul Aug Sep Oct Nov Dec
V/Λ2014 > Jan Feb Mar Apr May Jun Jul Aug Sep Oct Nov Dec
V/Λ2013 > Jan Feb Mar Apr May Jun Jul Aug Sep Oct Nov Dec
V/Λ2012 > Jan Feb Mar Apr May Jun Jul Aug Sep Oct Nov Dec
V/Λ2011 > Jan Feb Mar Apr May Jun Jul Aug Sep Oct Nov Dec

Report for 2015 Jan
                   Monthly Climatological Summary for Jan 2015

Name: WestClay   City: Carmel   State: IN
Elevation: 915 ft  Lat: N 39 58' 30"   Lon: W 086 11' 57"

                  Temperature (F), Rain (in), Wind Speed (mph)

                                      Heat  Cool        Avg
    Mean                              Deg   Deg         Wind                 Dom
Day Temp  High   Time   Low    Time   Days  Days  Rain  Speed High   Time    Dir
----------------------------------------------------------------------------------
 1  26.2  34.5   15:42  19.5   07:06  38.8   0.0  0.00   4.0  19.0   12:15    SW
 2  32.1  40.3   16:18  25.4   07:42  32.9   0.0  0.00   0.8   7.0   00:12    SW
 3  40.9  49.6   18:10  34.3   02:20  24.1   0.0  0.70   1.1  15.0   13:56     S
 4  31.8  46.1   00:00  12.8   23:57  33.3   0.0  0.01   5.5  21.0   16:38   WSW
 5   9.6  14.3   23:53   3.8   08:47  55.4   0.0  0.00   3.3  16.0   00:11   WSW
 6  13.2  16.5   13:16   8.6   19:43  51.8   0.0  0.00   2.2  13.0   20:47   WNW
 7   4.0  11.4   01:14  -4.9   23:55  61.0   0.0  0.00   4.9  17.0   03:08     W
 8   4.1  19.9   23:50  -7.0   05:38  60.9   0.0  0.00   4.5  28.0   23:00   SSW
 9   9.5  21.7   01:49   2.9   23:59  55.5   0.0  0.00   6.0  20.0   01:54     W
10  11.7  24.8   23:59  -0.8   03:34  53.3   0.0  0.03   2.8  14.0   12:04   SSW
11  29.8  33.5   16:08  24.4   01:10  35.2   0.0  0.21   2.0  14.0   02:18   SSW
12  28.9  33.0   01:32  17.7   23:58  36.1   0.0  0.35   3.3  18.0   15:15   NNE
13  13.9  20.6   15:22   5.8   23:52  51.1   0.0  0.00   3.7  14.0   05:58    NE
14  10.8  18.4   15:40   1.6   06:45  54.2   0.0  0.01   0.5   7.0   11:20    NW
15  24.7  36.6   16:28  12.1   05:52  40.1   0.0  0.00   2.0  14.0   14:25    SW
16  31.8  43.6   16:20  24.3   08:46  33.2   0.0  0.05   1.0  10.0   03:25     W
17  40.8  52.5   15:55  29.4   03:39  24.2   0.0  0.02   4.4  30.0   15:29   SSW
18  37.1  42.8   14:06  30.6   23:55  27.9   0.0  0.04   3.5  17.0   16:03   WSW
19  34.5  49.4   16:03  23.8   07:49  30.5   0.0  0.01   0.6   9.0   11:39    SE
20  40.0  51.4   15:20  35.0   03:26  25.0   0.0  0.00   1.4  12.0   14:53   WSW
21  36.1  42.8   12:50  32.7   23:58  28.9   0.0  0.00   3.2  19.0   14:27   WSW
22  31.8  34.0   12:59  29.0   05:38  33.2   0.0  0.00   1.5  11.0   10:35   NNE
23  30.1  35.5   15:18  27.5   21:49  34.9   0.0  0.00   0.7   8.0   14:24     N
24  32.6  43.0   17:09  25.5   07:43  32.4   0.0  0.00   2.2  13.0   15:32   WSW
25  32.4  37.5   12:46  22.2   23:26  32.6   0.0  0.12   3.2  22.0   19:50    NE
26  24.3  28.9   14:35  18.2   08:13  40.7   0.0  0.00   2.4  19.0   01:10   NNE
27  26.0  32.6   16:21  18.1   23:56  39.0   0.0  0.02   1.5   9.0   13:00    NE
28  26.6  38.5   17:01  15.6   06:35  38.4   0.0  0.01   1.7  16.0   23:48     S
29  35.5  44.6   10:06  32.5   19:08  29.5   0.0  0.01   4.4  20.0   10:09   WSW
----------------------------------------------------------------------------------
    25.9  52.5    17    -7.0     8  1134.1   0.0  1.59   2.7  30.0    17     WSW

Max >=  80.0:  0
Max <=  32.0:  9
Min <=  32.0: 25
Min <=   0.0:  3
Max Rain: 0.70 on day 3
Days of Rain: 14 (>= 0.01 in)  4 (>= 0.10 in)  0 (>= 1.00 in)
Heat Base: 65.0  Cool Base: 65.0  Method: Integration