westclay - carmel IN - NOAA Style Historical Reports

Note: The data in these reports are collected by an automated weather station and are not checked for accuracy.
Select a Year or Month report
V/Λ2014 > Jan Feb Mar Apr May Jun Jul Aug Sep Oct Nov Dec
V/Λ2013 > Jan Feb Mar Apr May Jun Jul Aug Sep Oct Nov Dec
V/Λ2012 > Jan Feb Mar Apr May Jun Jul Aug Sep Oct Nov Dec
V/Λ2011 > Jan Feb Mar Apr May Jun Jul Aug Sep Oct Nov Dec

Report for 2014 Sep
                   Monthly Climatological Summary for Sep 2014

Name: WestClay   City: Carmel   State: IN
Elevation: 915 ft  Lat: N 39 58' 30"   Lon: W 086 11' 57"

                  Temperature (F), Rain (in), Wind Speed (mph)

                                      Heat  Cool        Avg
    Mean                              Deg   Deg         Wind                 Dom
Day Temp  High   Time   Low    Time   Days  Days  Rain  Speed High   Time    Dir
----------------------------------------------------------------------------------
 1  77.5  84.5   16:36  71.7   05:27   0.0  12.5  0.00   3.8  22.0   14:54   SSW
 2  72.2  80.8   17:09  66.1   07:23   0.0   7.2  0.49   1.8  13.0   02:45    SW
 3  75.7  88.1   17:44  66.0   07:12   0.0  10.7  0.01   0.8   9.0   14:15    SW
 4  78.9  94.0   16:47  67.2   05:49   0.0  13.9  0.00   2.0  15.0   18:21   SSW
 5  81.6  95.2   16:12  69.7   23:32   0.0  16.6  0.39   2.7  19.0   22:06   SSW
 6  68.5  76.2   17:47  59.9   23:58   0.3   3.8  0.04   2.5  14.0   05:44    NE
 7  66.2  82.0   16:44  52.5   07:18   3.9   5.1  0.00   1.4  12.0   13:46    NE
 8  68.2  86.4   17:46  54.2   07:24   3.2   6.3  0.00   0.7   8.0   11:00   ENE
 9  69.3  86.1   16:13  56.6   06:28   2.3   6.6  0.00   1.2  11.0   18:19   SSW
10  72.8  79.4   17:08  67.6   03:41   0.0   7.8  1.68   3.4  23.0   11:11   SSW
11  60.5  71.3   00:00  56.0   22:45   5.0   0.5  0.00   4.0  13.0   04:29   NNE
12  57.3  63.8   14:28  53.1   07:19   7.6   0.0  0.00   2.9  13.0   19:03    NE
13  55.1  66.4   17:39  46.8   09:16   9.9   0.0  0.00   2.6  14.0   09:45   NNE
14  57.2  73.4   18:29  43.6   07:34   9.3   1.5  0.00   0.6   9.0   16:02    SW
15  56.1  68.7   12:35  49.3   04:45   9.1   0.2  0.40   0.8  14.0   15:41   SSW
16  59.0  71.9   17:35  52.8   07:01   6.7   0.6  0.00   1.7  11.0   04:03    NE
17  58.4  70.6   16:15  46.5   07:46   7.7   1.1  0.00   0.5   7.0   14:43   SSW
18  62.3  79.6   17:09  48.6   07:57   6.1   3.4  0.00   1.3  12.0   17:25    NE
19  63.2  79.4   17:49  49.7   07:53   5.4   3.7  0.00   0.9  12.0   13:32     E
20  68.2  82.7   16:10  55.7   07:57   3.0   6.2  0.11   2.5  21.0   14:35   SSW
21  66.8  72.4   13:53  56.2   23:14   1.4   3.2  0.01   4.1  22.0   12:09     W
----------------------------------------------------------------------------------
    66.4  95.2     5    43.6    14    80.9 110.9  3.13   2.0  23.0    10      SW

Max >=  80.0:  9
Max <=  32.0:  0
Min <=  32.0:  0
Min <=   0.0:  0
Max Rain: 1.68 on day 10
Days of Rain: 8 (>= 0.01 in)  5 (>= 0.10 in)  1 (>= 1.00 in)
Heat Base: 65.0  Cool Base: 65.0  Method: Integration