westclay - carmel IN - NOAA Style Historical Reports

Note: The data in these reports are collected by an automated weather station and are not checked for accuracy.
Select a Year or Month report
V/Λ2016 > Jan Feb Mar Apr May Jun Jul Aug Sep Oct Nov Dec
V/Λ2015 > Jan Feb Mar Apr May Jun Jul Aug Sep Oct Nov Dec
V/Λ2014 > Jan Feb Mar Apr May Jun Jul Aug Sep Oct Nov Dec
V/Λ2013 > Jan Feb Mar Apr May Jun Jul Aug Sep Oct Nov Dec
V/Λ2012 > Jan Feb Mar Apr May Jun Jul Aug Sep Oct Nov Dec
V/Λ2011 > Jan Feb Mar Apr May Jun Jul Aug Sep Oct Nov Dec

Report for 2016 Jun
                   Monthly Climatological Summary for Jun 2016

Name: WestClay   City: Carmel   State: IN
Elevation: 915 ft  Lat: N 39 58' 30"   Lon: W 086 11' 57"

                  Temperature (F), Rain (in), Wind Speed (mph)

                                      Heat  Cool        Avg
    Mean                              Deg   Deg         Wind                 Dom
Day Temp  High   Time   Low    Time   Days  Days  Rain  Speed High   Time    Dir
----------------------------------------------------------------------------------
 1  73.0  85.3   14:18  64.3   06:35   0.0   8.0  0.73   0.8  11.0   13:32     E
 2  75.4  86.1   18:57  66.5   06:39   0.0  10.4  0.01   1.2  11.0   18:53   NNE
 3  73.3  84.4   15:59  62.1   04:01   0.6   8.9  0.00   0.6   7.0   15:31   SSW
 4  68.0  73.4   00:00  63.8   07:30   0.1   3.1  1.11   0.9  12.0   16:03   SSW
 5  70.4  77.3   17:55  64.7   06:43   0.0   5.4  0.00   3.7  19.0   13:38   WSW
 6  74.5  85.4   16:53  64.9   06:50   0.0   9.5  0.00   4.0  25.0   18:04   WSW
 7  65.8  72.7   15:00  57.7   06:49   1.6   2.5  0.00   2.1  16.0   13:27   NNE
 8  65.9  79.0   18:01  51.6   06:45   3.5   4.4  0.00   1.6  13.0   14:46   NNW
 9  70.7  86.0   17:38  53.6   06:42   2.9   8.6  0.00   1.2  10.0   16:04    SW
10  79.1  93.0   17:22  68.7   04:49   0.0  14.1  0.00   2.6  17.0   18:20   SSW
11  84.0  94.9   17:25  72.6   06:18   0.0  19.0  0.00   3.3  15.0   13:55   WSW
12  82.4  94.0   16:16  71.7   23:59   0.0  17.4  0.00   2.5  15.0   15:21    NE
13  77.2  93.8   18:44  59.8   06:56   0.8  13.0  0.00   1.0   9.0   10:48    SE
14  71.9  77.6   00:00  64.6   12:38   0.0   6.9  2.21   1.2  14.0   10:23   ESE
15  73.2  91.5   15:23  67.8   17:11   0.0   8.2  2.47   2.1  19.0   15:33    SW
16  74.6  83.5   16:31  67.2   23:57   0.0   9.6  0.03   3.9  17.0   17:32    NW
17  75.5  90.8   17:12  62.6   06:57   0.3  10.7  0.00   4.0  17.0   14:47    NE
18  77.6  92.2   18:03  62.3   06:03   0.3  12.9  0.00   1.5  15.0   11:51   ENE
19  78.8  92.8   17:36  63.6   06:27   0.1  13.9  0.00   1.6  14.0   19:36    SW
20  80.7  91.6   16:51  71.1   23:03   0.0  15.7  0.96   3.8  21.0   19:41    SW
21  76.8  84.8   17:38  70.9   07:08   0.0  11.8  0.27   2.5  16.0   17:02     W
22  72.4  84.4   19:08  65.7   10:10   0.0   7.4  0.31   1.6  13.0   22:51   SSW
23  79.5  90.1   16:51  66.3   03:18   0.0  14.5  1.43   2.9  17.0   04:09   NNW
24  76.9  88.6   17:27  67.9   06:02   0.0  11.9  0.00   1.7  12.0   12:39    NE
25  79.2  94.0   17:27  65.0   06:55   0.0  14.2  0.00   0.8   9.0   18:46     S
26  81.9  95.5   16:52  73.4   23:49   0.0  16.9  0.12   2.4  20.0   19:28    SW
27  80.6  92.3   16:48  70.8   07:09   0.0  15.6  0.00   1.6  13.0   16:26     W
28  71.0  78.1   15:32  59.4   23:58   0.3   6.3  0.00   3.1  17.0   16:28    NE
29  66.9  81.0   18:17  53.5   06:41   3.4   5.4  0.00   1.6  11.0   11:14    NE
----------------------------------------------------------------------------------
    75.1  95.5    26    51.6     8    13.9 306.2  9.65   2.1  25.0     6       W

Max >=  80.0: 23
Max <=  32.0:  0
Min <=  32.0:  0
Min <=   0.0:  0
Max Rain: 2.47 on day 15
Days of Rain: 11 (>= 0.01 in)  9 (>= 0.10 in)  4 (>= 1.00 in)
Heat Base: 65.0  Cool Base: 65.0  Method: Integration